{"id":1685,"date":"2025-12-01T14:30:39","date_gmt":"2025-12-01T14:30:39","guid":{"rendered":"https:\/\/www.norluc.hu\/?page_id=1685"},"modified":"2025-12-01T14:34:06","modified_gmt":"2025-12-01T14:34:06","slug":"mobil-epuletek","status":"publish","type":"page","link":"https:\/\/www.norluc.hu\/?page_id=1685","title":{"rendered":"Mobil \u00e9p\u00fcletek"},"content":{"rendered":"<div class=\"wpb-content-wrapper\"><p>[vc_row][vc_column][vc_custom_heading source=&#8221;post_title&#8221; font_container=&#8221;tag:h2|font_size:30px|text_align:left|color:%23FFFFFF&#8221; google_fonts=&#8221;font_family:Antic%3Aregular|font_style:400%20regular%3A400%3Anormal&#8221; css=&#8221;.vc_custom_1764599479627{margin-top: 60px !important;}&#8221;][\/vc_column][\/vc_row][vc_row][vc_column width=&#8221;1\/2&#8243;][vc_column_text]<\/p>\n<p style=\"text-align: justify;\"><strong>Mobil \u00e9p\u00fcleteink<\/strong> modern, gyorsan telep\u00edthet\u0151 \u00e9s rugalmas megold\u00e1st k\u00edn\u00e1lnak a v\u00e1llalkoz\u00e1sok sz\u00e1m\u00e1ra, ak\u00e1r ideiglenes, ak\u00e1r tart\u00f3s felhaszn\u00e1l\u00e1sra. A mobil szerkezetek el\u0151nye, hogy minim\u00e1lis helysz\u00edni el\u0151k\u00e9sz\u00edt\u00e9st ig\u00e9nyelnek, m\u00e9gis stabil, j\u00f3l szigetelt \u00e9s k\u00e9nyelmes munkak\u00f6rnyezetet biztos\u00edtanak, legyen sz\u00f3 irodai, rakt\u00e1roz\u00e1si, \u00f6lt\u00f6z\u0151- vagy m\u0171helyfunkci\u00f3r\u00f3l.<\/p>\n<p style=\"text-align: justify;\" data-start=\"443\" data-end=\"790\">K\u00edn\u00e1latunkban k\u00fcl\u00f6nf\u00e9le <strong data-start=\"467\" data-end=\"487\">kont\u00e9ner\u00e9p\u00fcletek<\/strong>, <strong data-start=\"489\" data-end=\"511\">modul\u00e1ris egys\u00e9gek<\/strong> \u00e9s egy\u00e9b mobil szerkezetek tal\u00e1lhat\u00f3k, amelyek ig\u00e9ny szerint kombin\u00e1lhat\u00f3k \u00e9s b\u0151v\u00edthet\u0151k. Ezek a megold\u00e1sok k\u00f6nnyen sz\u00e1ll\u00edthat\u00f3k, gyorsan \u00fczembe helyezhet\u0151k, \u00e9s sz\u00fcks\u00e9g eset\u00e9n \u00e1ttelep\u00edthet\u0151k m\u00e1s helysz\u00ednre, \u00edgy ide\u00e1lis v\u00e1laszt\u00e1st jelentenek dinamikusan v\u00e1ltoz\u00f3 munkater\u00fcleteken.<\/p>\n<p style=\"text-align: justify;\" data-start=\"792\" data-end=\"1120\">Mobil \u00e9p\u00fcleteink magas min\u0151s\u00e9g\u0171 anyagokb\u00f3l k\u00e9sz\u00fclnek, megfelelnek az \u00e9p\u00edt\u00e9si \u00e9s biztons\u00e1gi el\u0151\u00edr\u00e1soknak, \u00e9s hossz\u00fa t\u00e1v\u00fa haszn\u00e1latra is kiv\u00e1l\u00f3an alkalmasak. Legyen sz\u00f3 ideiglenes irod\u00e1r\u00f3l, rendezv\u00e9nyhez sz\u00fcks\u00e9ges kiszolg\u00e1l\u00f3 egys\u00e9gr\u0151l vagy munkater\u00fcleti infrastrukt\u00far\u00e1r\u00f3l, a Norluc Kft. megb\u00edzhat\u00f3 \u00e9s sokoldal\u00fa megold\u00e1sokat k\u00edn\u00e1l.<\/p>\n<p style=\"text-align: justify;\" data-start=\"1122\" data-end=\"1351\">C\u00e9lunk, hogy partnereink sz\u00e1m\u00e1ra olyan mobil \u00e9p\u00fcleteket biztos\u00edtsunk, amelyek egyszerre ny\u00fajtanak stabilit\u00e1st, k\u00e9nyelmet \u00e9s rugalmass\u00e1got \u2013 minden helyzetben, ahol gyors alkalmazkod\u00e1sra \u00e9s megb\u00edzhat\u00f3 infrastrukt\u00far\u00e1ra van sz\u00fcks\u00e9g.<\/p>\n<p>[\/vc_column_text][\/vc_column][vc_column width=&#8221;1\/2&#8243;][vc_single_image image=&#8221;1690&#8243; img_size=&#8221;full&#8221; css=&#8221;.vc_custom_1764599645111{margin-top: 30px !important;}&#8221;][\/vc_column][\/vc_row]<\/p>\n<\/div>","protected":false},"excerpt":{"rendered":"<p>[vc_row][vc_column][vc_custom_heading source=&#8221;post_title&#8221; font_container=&#8221;tag:h2|font_size:30px|text_align:left|color:%23FFFFFF&#8221; google_fonts=&#8221;font_family:Antic%3Aregular|font_style:400%20regular%3A400%3Anormal&#8221; css=&#8221;.vc_custom_1764599479627{margin-top: 60px !important;}&#8221;][\/vc_column][\/vc_row][vc_row][vc_column width=&#8221;1\/2&#8243;][vc_column_text] Mobil \u00e9p\u00fcleteink modern, gyorsan telep\u00edthet\u0151 \u00e9s rugalmas megold\u00e1st k\u00edn\u00e1lnak a v\u00e1llalkoz\u00e1sok sz\u00e1m\u00e1ra, ak\u00e1r ideiglenes, ak\u00e1r tart\u00f3s felhaszn\u00e1l\u00e1sra. A mobil szerkezetek el\u0151nye, hogy minim\u00e1lis helysz\u00edni el\u0151k\u00e9sz\u00edt\u00e9st ig\u00e9nyelnek, m\u00e9gis stabil, j\u00f3l szigetelt \u00e9s k\u00e9nyelmes munkak\u00f6rnyezetet biztos\u00edtanak, legyen sz\u00f3 irodai, rakt\u00e1roz\u00e1si, \u00f6lt\u00f6z\u0151- vagy m\u0171helyfunkci\u00f3r\u00f3l. K\u00edn\u00e1latunkban k\u00fcl\u00f6nf\u00e9le kont\u00e9ner\u00e9p\u00fcletek, modul\u00e1ris egys\u00e9gek \u00e9s<\/p>\n","protected":false},"author":1,"featured_media":0,"parent":0,"menu_order":0,"comment_status":"closed","ping_status":"closed","template":"template-default-without-breadcrumbs.php","meta":{"footnotes":""},"class_list":["post-1685","page","type-page","status-publish","hentry"],"_links":{"self":[{"href":"https:\/\/www.norluc.hu\/index.php?rest_route=\/wp\/v2\/pages\/1685","targetHints":{"allow":["GET"]}}],"collection":[{"href":"https:\/\/www.norluc.hu\/index.php?rest_route=\/wp\/v2\/pages"}],"about":[{"href":"https:\/\/www.norluc.hu\/index.php?rest_route=\/wp\/v2\/types\/page"}],"author":[{"embeddable":true,"href":"https:\/\/www.norluc.hu\/index.php?rest_route=\/wp\/v2\/users\/1"}],"replies":[{"embeddable":true,"href":"https:\/\/www.norluc.hu\/index.php?rest_route=%2Fwp%2Fv2%2Fcomments&post=1685"}],"version-history":[{"count":4,"href":"https:\/\/www.norluc.hu\/index.php?rest_route=\/wp\/v2\/pages\/1685\/revisions"}],"predecessor-version":[{"id":1691,"href":"https:\/\/www.norluc.hu\/index.php?rest_route=\/wp\/v2\/pages\/1685\/revisions\/1691"}],"wp:attachment":[{"href":"https:\/\/www.norluc.hu\/index.php?rest_route=%2Fwp%2Fv2%2Fmedia&parent=1685"}],"curies":[{"name":"wp","href":"https:\/\/api.w.org\/{rel}","templated":true}]}}